[INFO] cloning repository https://github.com/indefini/server
[INFO] running `Command { std: "git" "-c" "credential.helper=" "-c" "credential.helper=/workspace/cargo-home/bin/git-credential-null" "clone" "--bare" "https://github.com/indefini/server" "/workspace/cache/git-repos/https%3A%2F%2Fgithub.com%2Findefini%2Fserver", kill_on_drop: false }`
[INFO] [stderr] Cloning into bare repository '/workspace/cache/git-repos/https%3A%2F%2Fgithub.com%2Findefini%2Fserver'...
[INFO] running `Command { std: "git" "rev-parse" "HEAD", kill_on_drop: false }`
[INFO] [stdout] 1cc903fe1fc215f4efdc3a7377e8fda48abf0279
[INFO] checking indefini/server against master#af3c6e733a40e671550e0f0f5aeecaa13772ba56 for pr-74989
[INFO] running `Command { std: "git" "clone" "/workspace/cache/git-repos/https%3A%2F%2Fgithub.com%2Findefini%2Fserver" "/workspace/builds/worker-3/source", kill_on_drop: false }`
[INFO] [stderr] Cloning into '/workspace/builds/worker-3/source'...
[INFO] [stderr] done.
[INFO] validating manifest of git repo https://github.com/indefini/server on toolchain af3c6e733a40e671550e0f0f5aeecaa13772ba56
[INFO] running `Command { std: "/workspace/cargo-home/bin/cargo" "+af3c6e733a40e671550e0f0f5aeecaa13772ba56" "read-manifest" "--manifest-path" "Cargo.toml", kill_on_drop: false }`
[INFO] started tweaking git repo https://github.com/indefini/server
[INFO] removed path dependency enet-sys from git repo https://github.com/indefini/server
[INFO] finished tweaking git repo https://github.com/indefini/server
[INFO] tweaked toml for git repo https://github.com/indefini/server written to /workspace/builds/worker-3/source/Cargo.toml
[INFO] crate git repo https://github.com/indefini/server already has a lockfile, it will not be regenerated
[INFO] running `Command { std: "/workspace/cargo-home/bin/cargo" "+af3c6e733a40e671550e0f0f5aeecaa13772ba56" "fetch" "--locked" "--manifest-path" "Cargo.toml", kill_on_drop: false }`
[INFO] [stderr] warning: dependency (enet-sys) specified without providing a local path, Git repository, or version to use. This will be considered an error in future versions
[INFO] [stderr]     Updating crates.io index
[INFO] [stderr] error: the lock file /workspace/builds/worker-3/source/Cargo.lock needs to be updated but --locked was passed to prevent this
[INFO] [stderr] If you want to try to generate the lock file without accessing the network, use the --offline flag.
[INFO] the lockfile is outdated, regenerating it
[INFO] running `Command { std: "/workspace/cargo-home/bin/cargo" "+af3c6e733a40e671550e0f0f5aeecaa13772ba56" "generate-lockfile" "--manifest-path" "Cargo.toml" "-Zno-index-update", kill_on_drop: false }`
[INFO] running `Command { std: "/workspace/cargo-home/bin/cargo" "+af3c6e733a40e671550e0f0f5aeecaa13772ba56" "fetch" "--locked" "--manifest-path" "Cargo.toml", kill_on_drop: false }`
[INFO] [stderr] warning: dependency (enet-sys) specified without providing a local path, Git repository, or version to use. This will be considered an error in future versions
[INFO] running `Command { std: "docker" "create" "-v" "/var/lib/crater-agent-workspace/builds/worker-3/target:/opt/rustwide/target:rw,Z" "-v" "/var/lib/crater-agent-workspace/builds/worker-3/source:/opt/rustwide/workdir:ro,Z" "-v" "/var/lib/crater-agent-workspace/cargo-home:/opt/rustwide/cargo-home:ro,Z" "-v" "/var/lib/crater-agent-workspace/rustup-home:/opt/rustwide/rustup-home:ro,Z" "-e" "SOURCE_DIR=/opt/rustwide/workdir" "-e" "CARGO_TARGET_DIR=/opt/rustwide/target" "-e" "CARGO_HOME=/opt/rustwide/cargo-home" "-e" "RUSTUP_HOME=/opt/rustwide/rustup-home" "-w" "/opt/rustwide/workdir" "-m" "1610612736" "--user" "0:0" "--network" "none" "rustops/crates-build-env@sha256:d92eaeed33fa75130ca1ee6c8a01d1ffb62bac859dfdfb3450e3e5d1c0146529" "/opt/rustwide/cargo-home/bin/cargo" "+af3c6e733a40e671550e0f0f5aeecaa13772ba56" "metadata" "--no-deps" "--format-version=1", kill_on_drop: false }`
[INFO] [stderr] WARNING: Your kernel does not support swap limit capabilities or the cgroup is not mounted. Memory limited without swap.
[INFO] [stdout] 30906899645d00ec834ecae436500485960e318f4a5aaa8a313376a633266cf0
[INFO] running `Command { std: "docker" "start" "-a" "30906899645d00ec834ecae436500485960e318f4a5aaa8a313376a633266cf0", kill_on_drop: false }`
[INFO] running `Command { std: "docker" "inspect" "30906899645d00ec834ecae436500485960e318f4a5aaa8a313376a633266cf0", kill_on_drop: false }`
[INFO] running `Command { std: "docker" "rm" "-f" "30906899645d00ec834ecae436500485960e318f4a5aaa8a313376a633266cf0", kill_on_drop: false }`
[INFO] [stdout] 30906899645d00ec834ecae436500485960e318f4a5aaa8a313376a633266cf0
[INFO] running `Command { std: "docker" "create" "-v" "/var/lib/crater-agent-workspace/builds/worker-3/target:/opt/rustwide/target:rw,Z" "-v" "/var/lib/crater-agent-workspace/builds/worker-3/source:/opt/rustwide/workdir:ro,Z" "-v" "/var/lib/crater-agent-workspace/cargo-home:/opt/rustwide/cargo-home:ro,Z" "-v" "/var/lib/crater-agent-workspace/rustup-home:/opt/rustwide/rustup-home:ro,Z" "-e" "SOURCE_DIR=/opt/rustwide/workdir" "-e" "CARGO_TARGET_DIR=/opt/rustwide/target" "-e" "CARGO_INCREMENTAL=0" "-e" "RUST_BACKTRACE=full" "-e" "RUSTFLAGS=--cap-lints=forbid" "-e" "CARGO_HOME=/opt/rustwide/cargo-home" "-e" "RUSTUP_HOME=/opt/rustwide/rustup-home" "-w" "/opt/rustwide/workdir" "-m" "1610612736" "--user" "0:0" "--network" "none" "rustops/crates-build-env@sha256:d92eaeed33fa75130ca1ee6c8a01d1ffb62bac859dfdfb3450e3e5d1c0146529" "/opt/rustwide/cargo-home/bin/cargo" "+af3c6e733a40e671550e0f0f5aeecaa13772ba56" "check" "--frozen" "--all" "--all-targets" "--message-format=json", kill_on_drop: false }`
[INFO] [stdout] 056a26f02796654d49cd6583a710f3b5af466edd2ff6df8ccbeca7704a8afd7d
[INFO] [stderr] WARNING: Your kernel does not support swap limit capabilities or the cgroup is not mounted. Memory limited without swap.
[INFO] running `Command { std: "docker" "start" "-a" "056a26f02796654d49cd6583a710f3b5af466edd2ff6df8ccbeca7704a8afd7d", kill_on_drop: false }`
[INFO] [stderr] warning: dependency (enet-sys) specified without providing a local path, Git repository, or version to use. This will be considered an error in future versions
[INFO] [stderr]    Compiling libc v0.2.77
[INFO] [stderr]    Compiling memchr v2.3.3
[INFO] [stderr]    Compiling glob v0.2.11
[INFO] [stderr]    Compiling log v0.4.11
[INFO] [stderr]    Compiling bitflags v1.2.1
[INFO] [stderr]    Compiling cfg-if v0.1.10
[INFO] [stderr]    Compiling quick-error v1.2.3
[INFO] [stderr]    Compiling ucd-util v0.1.8
[INFO] [stderr]    Compiling regex v0.2.11
[INFO] [stderr]    Compiling unicode-width v0.1.8
[INFO] [stderr]    Compiling termcolor v1.1.0
[INFO] [stderr]    Compiling strsim v0.8.0
[INFO] [stderr]    Compiling ansi_term v0.11.0
[INFO] [stderr]    Compiling vec_map v0.8.2
[INFO] [stderr]    Compiling utf8-ranges v1.0.4
[INFO] [stderr]    Compiling bindgen v0.35.0
[INFO] [stderr]    Compiling quote v0.3.15
[INFO] [stderr]    Compiling peeking_take_while v0.1.2
[INFO] [stderr]    Compiling libloading v0.5.2
[INFO] [stderr]    Compiling thread_local v0.3.6
[INFO] [stderr]    Compiling cmake v0.1.44
[INFO] [stderr]    Compiling humantime v1.3.0
[INFO] [stderr]    Compiling textwrap v0.11.0
[INFO] [stderr]    Compiling regex-syntax v0.5.6
[INFO] [stderr]    Compiling aho-corasick v0.7.13
[INFO] [stderr]    Compiling aho-corasick v0.6.10
[INFO] [stderr]    Compiling clang-sys v0.22.0
[INFO] [stderr]    Compiling atty v0.2.14
[INFO] [stderr]    Compiling memchr v1.0.2
[INFO] [stderr]    Compiling which v1.0.5
[INFO] [stderr]    Compiling clap v2.33.3
[INFO] [stderr]    Compiling nom v3.2.1
[INFO] [stderr]    Compiling regex v1.3.9
[INFO] [stderr]    Compiling cexpr v0.2.3
[INFO] [stderr]    Compiling env_logger v0.5.13
[INFO] [stderr]    Compiling enet-sys v0.2.3
[INFO] [stderr]     Checking server v0.1.0 (/opt/rustwide/workdir)
[INFO] [stdout] error[E0425]: cannot find function `server_new` in crate `enet`
[INFO] [stdout]   --> src/main.rs:10:23
[INFO] [stdout]    |
[INFO] [stdout] 10 |         let s = enet::server_new();
[INFO] [stdout]    |                       ^^^^^^^^^^ not found in `enet`
[INFO] [stdout] 
[INFO] [stdout] 
[INFO] [stdout] error[E0425]: cannot find function `handle_event` in crate `enet`
[INFO] [stdout]   --> src/main.rs:12:19
[INFO] [stdout]    |
[INFO] [stdout] 12 |             enet::handle_event(s);
[INFO] [stdout]    |                   ^^^^^^^^^^^^ not found in `enet`
[INFO] [stdout] 
[INFO] [stdout] 
[INFO] [stderr] error: could not compile `server`.
[INFO] [stdout] warning: unreachable statement
[INFO] [stdout]   --> src/main.rs:16:9
[INFO] [stdout]    |
[INFO] [stdout] 11 | /         loop {
[INFO] [stdout] 12 | |             enet::handle_event(s);
[INFO] [stdout] 13 | |             std::thread::sleep(std::time::Duration::from_millis(100));
[INFO] [stdout] 14 | |         }
[INFO] [stdout]    | |_________- any code following this expression is unreachable
[INFO] [stdout] 15 | 
[INFO] [stdout] 16 |           enet::enet_host_destroy(s);
[INFO] [stdout]    |           ^^^^^^^^^^^^^^^^^^^^^^^^^^^ unreachable statement
[INFO] [stdout]    |
[INFO] [stdout]    = note: `#[warn(unreachable_code)]` on by default
[INFO] [stdout] 
[INFO] [stdout] 
[INFO] [stderr] 
[INFO] [stdout] error: aborting due to 2 previous errors; 1 warning emitted
[INFO] [stdout] 
[INFO] [stdout] 
[INFO] [stderr] To learn more, run the command again with --verbose.
[INFO] [stdout] For more information about this error, try `rustc --explain E0425`.
[INFO] [stdout] 
[INFO] [stderr] warning: build failed, waiting for other jobs to finish...
[INFO] [stdout] error[E0425]: cannot find function `server_new` in crate `enet`
[INFO] [stdout]   --> src/main.rs:10:23
[INFO] [stdout]    |
[INFO] [stdout] 10 |         let s = enet::server_new();
[INFO] [stdout]    |                       ^^^^^^^^^^ not found in `enet`
[INFO] [stdout] 
[INFO] [stdout] 
[INFO] [stdout] error[E0425]: cannot find function `handle_event` in crate `enet`
[INFO] [stdout]   --> src/main.rs:12:19
[INFO] [stdout]    |
[INFO] [stdout] 12 |             enet::handle_event(s);
[INFO] [stdout]    |                   ^^^^^^^^^^^^ not found in `enet`
[INFO] [stdout] 
[INFO] [stdout] 
[INFO] [stdout] warning: unreachable statement
[INFO] [stdout]   --> src/main.rs:16:9
[INFO] [stdout]    |
[INFO] [stdout] 11 | /         loop {
[INFO] [stdout] 12 | |             enet::handle_event(s);
[INFO] [stdout] 13 | |             std::thread::sleep(std::time::Duration::from_millis(100));
[INFO] [stdout] 14 | |         }
[INFO] [stdout]    | |_________- any code following this expression is unreachable
[INFO] [stdout] 15 | 
[INFO] [stdout] 16 |           enet::enet_host_destroy(s);
[INFO] [stdout]    |           ^^^^^^^^^^^^^^^^^^^^^^^^^^^ unreachable statement
[INFO] [stdout]    |
[INFO] [stdout]    = note: `#[warn(unreachable_code)]` on by default
[INFO] [stdout] 
[INFO] [stdout] 
[INFO] [stdout] error: aborting due to 2 previous errors; 1 warning emitted
[INFO] [stdout] 
[INFO] [stdout] 
[INFO] [stdout] For more information about this error, try `rustc --explain E0425`.
[INFO] [stdout] 
[INFO] [stderr] error: build failed
[INFO] running `Command { std: "docker" "inspect" "056a26f02796654d49cd6583a710f3b5af466edd2ff6df8ccbeca7704a8afd7d", kill_on_drop: false }`
[INFO] running `Command { std: "docker" "rm" "-f" "056a26f02796654d49cd6583a710f3b5af466edd2ff6df8ccbeca7704a8afd7d", kill_on_drop: false }`
[INFO] [stdout] 056a26f02796654d49cd6583a710f3b5af466edd2ff6df8ccbeca7704a8afd7d
